 (-4 - -5)).
86
What is 4 + (-14 - -4 - -5) + (19 + -36 - -4)?
-14
Evaluate (38 - 35) + 62 + 6 + -8 + 10.
73
What is 41 - (87 + -201 + 117)?
38
Evaluate -76 + 40 + -63 + 103.
4
What is 221 - (-96 + -21 + 230)?
108
Calculate -74 - (48 - 39) - -82.
-1
-2 - ((-5 - -74) + 41)
-112
What is (-48 - (17 - 52)) + 25?
12
-119 - 11 - (66 + -140 - -82)
-138
What is the value of -9 + 35 + -13 + (12 + 22 - 12)?
35
28 + (7 - -17 - 13 - 56)
-17
234 - 298 - (-46 - -4)
-22
What is the value of (-2 - (16 - -2) - 1) + -2 - (6496 + -6500)?
-19
-4 - -4 - (6 - 2) - (-7 + 11 - 42)
34
-71 - (-18 - (-18 + -7 - -21))
-57
What is -16 + (44 - 38) - -72?
62
(23 - 57) + 33 - (-1 - -38)
-38
What is the value of -11 + 22 + 21 + -2 + 5 + 0 + -4?
31
(-28 - 1) + -4 + 16 + -30 + 11
-36
What is the value of (2656 - 2727) + (109 - -1)?
39
-24 + -8 + 22 - -18 - (14 - (0 + -1))
-7
Calculate 8101 + -8180 - (-2 - (-2 - -8)).
-71
Calculate 6 - ((1 - 4) + -9 - (-368 - -343)).
-7
What is the value of (-32 - -25) + 23 - 34 - 25?
-43
Evaluate 60 - (28 + -29 - (-5 - -3 - 4)).
55
Evaluate -411 + 429 + 17 + 0 - 97.
-62
Calculate 10 + (-11 - 3) + (16 - 8 - (-5 - 40)).
49
Evaluate (28 - 15 - 95 - 3) + 30.
-55
Evaluate (6 - -69) + 0 + (-9 - (1 + -4)) + 0.
69
What is -52 + 0 + (262 - 210)?
0
Evaluate -159 + 420 + -281 - (-95 + 1).
74
-2663 + 2672 - (2 - (3 + 44))
54
Evaluate (42 - (2 - 5 - -9)) + (-3 - (-1 + 4)).
30
What is 10 - (-204 + 215 + 10 + -3)?
-8
57 + (14 + -17 - 35) + -73
-54
What is the value of -11 + 289 + -268 + -2 + 4 + 4?
16
What is the value of 928 + -931 - ((-5 + 4 - -17) + 4)?
-23
What is the value of 85 - (-47 + 80 - -21)?
31
Evaluate (-3 - (9 - (20 - 6))) + -10.
-8
Calculate (-1 - 11 - (-7 - 3) - 0) + (41 - 3).
36
What is 38 + 25 + (-4 - 35) + 3?
27
What is the value of -11 - (95 - -7) - -34 - 19?
-98
Evaluate 10 - 0 - (12 + -2 - (136 + (-146 - -62))).
52
Calculate -15 - -2 - (-244 - -250) - -21.
2
What is 230 + -273 - (-6 + 0)?
-37
What is the value of 79 + 19 - (150 + -24)?
-28
What is 119 + (-21 - 82) - (51 + 0)?
-35
Evaluate 70 + (22 + -25 - 18) + 9.
58
Evaluate (-132 - -43) + 19 + (-7 - -6 - 0).
-71
Evaluate 14 + (22 - 23) + -38 + (2 - (6 - 2)).
-27
Calculate -5 - (12 + -8 + (9 - 2)) - -93.
77
-15 + 39 + 55 + -58
21
Calculate -49 + (27 + -15 - 27) - (-21 + 15).
-58
Evaluate (924 - 977) + 80 + -2 - (12 + -2).
15
Evaluate 1 + -5 - (-83 - (-3 - 0)) - (-921 + 913).
84
What is the value of 0 - (3 - (17 + -13)) - (-47 - -1)?
47
-35 + -2 + 1 + 11 - -18
-7
What is -39 - (-3 - (-16 + 31) - -24)?
-45
32 - (131 - (-95 + 154))
-40
What is the value of -60 - ((-21 - -33) + -7 + (-8 - 0)) - 1?
-58
What is the value of 21 - (-27 + 64 + -9) - (19 + 1)?
-27
What is the value of 46 - (15 - (10 - -11))?
52
(-66 - (-13 - -10)) + (-17 - -16)
-64
25 + -12 + (-7 - -85) - 30
61
What is the value of -3 - (-1 + (69 - (4 - 3))) - (-30 + 32)?
-72
What is 32 + (15 - (-2 + 39)) + 3 + 133 + 4?
150
What is the value of (3 + -2 - 81 - -2) + (39 - 38) + -14?
-91
Calculate -111 + (158 - 133 - -82).
-4
Evaluate 8 + -15 + -1 + (4 - -3 - -2).
1
What is -4 - -1 - (30 + -19 - ((-5 - -15) + -11))?
-15
What is the value of 6 - (1646 - 1547 - (-2 + 11 + -1 - 1))?
-86
-5 + 32 + -52 + 6 + -70
-89
What is the value of -44 + 18 - -23 - 0?
-3
-7 + (-8 + 15 - -9) + (-58 - (-1 - 1))
-47
Calculate 139 - (29 + 99) - ((0 - -1) + 4).
6
What is -40 + (16 - -2) + 146 + -157?
-33
3 - (40 + (-45 - -36))
-28
Evaluate 24 - (27 - 3 - -1).
-1
Evaluate (-9 + 62 - (69 - 6)) + 2 + -2 + -46.
-56
Evaluate -103 + 55 + -68 + 111.
-5
2 - -75 - (-37 + (-13 - -29) - -33) - 4
61
What is -95 - (-51 + (26 - 49))?
-21
What is -295 - -403 - (214 - 9)?
-97
What is -36 - (13 - (-14 + 91))?
28
What is -47 - -61 - (26 + 2) - -51?
37
What is 18 + (-50 - 32) - -25?
-39
Evaluate 151 - 190 - (-1 - 1 - (-37 - -20)).
-54
What is the value of (-514 - -514) + -47 + (0 - -5)?
-42
-3 - ((-10 - (-7 - -21 - -3)) + 8)
16
-47 - -3 - -2 - ((5 - (18 - 19)) + 3)
-51
What is -13 - ((0 - 26) + 34 + -20)?
-1
What is 14 - (-7 + 58 - 61)?
24
Calculate -2 + 13 + 33 + 0 + -7 + -19.
18
(-714 - -750) + 2 + -39 - (0 - 2 - 19)
20
What is (-9 - -11) + 16 + (-13 - 21)?
-16
What is the value of 232 + -229 + (4 + -3 - (101 + 0))?
-97
What is the value of 17 + -28 + (6 + 1 - -21) + -3?
14
Calculate 41 + -14 + -80 + -36 + 42.
-47
Evaluate 14 + -32 + (85 - (-14 - -11)) + (7 - -1).
78
11 - (-5 + 40 + (102 - 38))
-88
What is the value of (3 - -112) + (-734 - -666)?
47
What is (-40 + -22 - -97) + 5 + -3?
37
What is (36 - 96) + 16 + (16 - 39)?
-67
What is 5 - (9 + -44) - (10 + 15)?
15
6 + 11 + 6 + -7 + 22 + -14
24
What is the value of (1 + -1 - -5) + -70 + (12 - 4)?
-57
What is 4 - (18 + 6 + -26) - -17?
23
Calculate (-287 - -228) + (21 - -3) + 34.
-1
-2 + (2 - -4) - -80 - (0 + 14)
70
56 + (5 - -34 - 48)
47
Evaluate 3 + -1 + 2 - (131 - 68 - 67 - 25).
33
What is -43 - (-76 + 16) - (23 + -2)?
-4
(-146 - -156) + (-3 - 14) - (0 - 38)
31
82 + -96 + 12 + -67
-69
Evaluate -7 - 2 - (-115 - -59) - 76.
-29
Evaluate (38 - (9 + 6)) + 23 + (-3 - -3).
46
-1 + (2 - -6) + -7 - (5 + -8 + 35)
-32
Calculate (36 - 24) + -3 + 2 + (0 - 14).
-3
What is (25 - ((-21 - -31) + 22)) + -7?
-14
Evaluate (117 - 19) + (-42 - -28) + -13.
71
What is the value of (133 - (121 + -95)) + -6 + 20?
121
What is (-20 - -66 - 28) + (6 - -6 - (1 - 0))?
29
Calculate 184 + 24 + -38 - (-6 - -46).
130
What is the value of (-9 - (-15 + -7)) + -69 + (-5 + 14 - 4)?
-51
Evaluate -9 - (-131 + (5 + -12 - -23)) - -16.
122
(41 - 88) + 3 + 6
-38
-5 - (-1 + -1 + 5) - (-21 - (48 + -103))
-42
What is the value of -27 + (-25 - -34) + 81?
63
What is the value of (-46 - -58 - 20 - (1 - 21)) + -48?
-36
Evaluate 88 + 0 + -25 + -12.
51
What is the value of 18 - 35 - -9 - (1 - 10) - -42?
43
What is 4 - 12 - ((20 - 19) + -11 + 16)?
-14
What is the value of -118 + 108 + -1 + (5 - -40)?
34
What is the value of 55 - (61 - 72) - (14 - (-5 + 2))?
49
What is -4 + -78 + (-18 - (20 - 24)) + 27?
-69
12 - 0 - (176 + -217)
53
Calculate -25 - (41 - 96) - 29 - (34 - -3).
-36
Evaluate 27 - (-796 + 803 - (1 - -38)).
59
What is 24 + (-19 - -3) - (10 + 12 + 2)?
-16
What is the value of 16 + (19 - 18) + -93 + 15 + 2?
-59
Evaluate (-1 - 12) + -54 - (31 - (-16 - -31)).
-83
What is the value of -37 + 0 + (40 - 7) + -21?
-25
Calculate 71 - (-37 - (-40 - 24)).
44
Evaluate 0 - (2 + 3) - (4 + 5 + -3).
-11
What is the value of 21 + -96 - (-428 + 373)?
-20
Evaluate -203 - -139 - (11 + 0).
-75
What is -3 + (31 - (-7 - -52)) - (-1 - 44)?
28
What is -699 + 722 + (4 + 0 - (-1 + 13))?
15
Evaluate (-3 - (8 - (5 - 17))) + -6.
-29
Calculate (7 - 13 - (15 + 0 + 9)) + -15.
-45
(-11 - (1 + (-13 - 21) - -14)) + -116
-108
What is the value of -86 + (3 - 111) + 151?
-43
What is 23 - 5 - 96 - -42 - 103?
-139
Evaluate -23 - (-61 - -36) - (-1 + 36).
-33
-9 + (1 - 27 - (35 + -7 + -37))
-26
Calculate (-2 - -23 - -1) + 52 + (55 - 98).
31
What is the value of -27 + -42 + 103 + -41?
-7
-1 + -64 + 75 - (8 - (2 + -1))
3
Calculate (1312 - 1212) + -3 + -27.
70
67 - (9 + (-1 - 8 - -22))
45
What is -21 + -17 + 36 + (-12 - 44)?
-58
What is -134 - (-348 - -160) - -40?
94
What is the value of -22 - (-8 + (24 - 2 - 5))?
-31
What is 23 - (2 + (-18 - (11 + -18)) + 5)?
27
Calculate -70 + (-8 - (-5 + 19)) + 43.
-49
Evaluate -12 + -15 - -61 - (-17 - 7).
58
What is 1 + 100 + (881 - 938)?
44
Calculate -62 + (39 + -43 + 2 - (-9 - -1)).
-56
What is the value of 0 + 6 + (-8 - ((14 - 78) + 13)) + -1?
48
What is the value of 177 + -173 + 26 + (-1 - (-3 + 0))?
32
(-68 - -110 - 135) + 5
-88
Calculate 14 - (12 + (-19 - -10 - 38) + -5).
54
Calculate -1 + (2 - 0) + -9 + 76 + -100 + -37.
-69
What is -17 - (0 + -62 - (162 - 165))?
42
(-172 - -50) + 79 + -7 + 0
-50
-166 - -32 - -53 - (16 - 4)
-93
What is the value of (-82 - -205) + -173 - -20?
-30
Evaluate 8 + -18 - 4 - (-99 + 120).
-35
Evaluate -21 - (1 + -51) - 93.
-64
What is the value of -6 - 13 - (-16 + 21 + (18 - 31))?
-11
Evaluate (55 - -19) + (-34 - 0).
40
Calculate 55 + (17 - 76) + -7.
-11
What is the value of 3 - ((-114 - (9 - 33)) + 6 + 2 + 5)?
80
What is 75 - ((37 + 4 - -10) + -39)?
63
Calculate -10 - (30 - (10 - 3) - (-23 + 9)).
-47
Calculate 13 + (53 + -62 - (9 - 5 - (14 + 0))).
14
69 + 6 + -136 + 116
55
What is (-12 - (-22 - -18)) + -28 + -13 + 3?
-46
Calculate (4 -